ate c(-161).
262
Let k(d) = -138*d**2 + 73835*d - 2666. Give k(535).
9
Let l(c) = -113*c**2 - 702*c - 14. Give l(-7).
-637
Let u(d) = 220*d - 5965. Calculate u(27).
-25
Let q(c) = 2006630*c + 6019880. What is q(-3)?
-10
Let c(q) = -6*q**2 + 1403*q + 10323. Determine c(-7).
208
Let f(j) = -j**2 - 11450*j - 2843811. Give f(-254).
-27
Let u(g) = -88843*g - 355368. Calculate u(-4).
4
Let u(d) = d**3 + 15*d**2 - 153*d - 2558. Give u(-21).
-1991
Let x(u) = -3*u**3 + 56*u**2 + 20*u + 74. What is x(19)?
93
Let r(l) = -2090*l - 3427. Give r(-2).
753
Let z(c) = -15419*c + 77637. What is z(5)?
542
Let m(s) = -s**3 + 18*s**2 + 47*s - 391. Calculate m(7).
477
Let g(w) = w**3 + 14*w**2 + 80*w + 773. Give g(-12).
101
Let t(v) = -v**3 + 48*v**2 - 165*v - 252. What is t(5)?
-2
Let z(p) = 12*p**2 + 47690*p - 143177. Determine z(3).
1
Let u(v) = v**3 + 30*v**2 - 97*v - 446. Determine u(-33).
-512
Let n(m) = -32*m**2 - 141*m + 546. Give n(4).
-530
Let l(m) = -21269*m + 6465758. Give l(304).
-18
Let x(a) = -2*a**2 + 87*a + 7657. Calculate x(84).
853
Let u(n) = 140*n**2 + 427*n - 560. Give u(1).
7
Let l(s) = -9*s**2 + 267*s + 1838. Determine l(35).
158
Let z(b) = -12*b**2 + 415*b + 679. Calculate z(16).
4247
Let v(x) = -19*x**3 - 180*x + 736. Calculate v(4).
-1200
Let s(n) = -2639*n + 3135136. Calculate s(1188).
4
Let y(h) = -6095*h - 1060534. Determine y(-174).
-4
Let b(i) = 3948*i + 27660. Determine b(-7).
24
Let x(c) = 17*c**3 - 9*c**2 - 73*c - 113. Determine x(-3).
-434
Let z(j) = 5450*j + 125362. What is z(-23)?
12
Let x(y) = -11*y**2 + 1501*y - 15187. Calculate x(11).
-7
Let p(k) = -1625*k + 485939. Calculate p(299).
64
Let r(q) = 7*q**2 - 101*q - 1193. Determine r(-6).
-335
Let a(r) = 2*r**2 - 150*r + 2362. Determine a(65).
1062
Let i(d) = 2398*d + 59977. Give i(-25).
27
Let w(m) = 4*m**3 - 412*m**2 - 422*m + 139. Calculate w(104).
-485
Let d(f) = 358664*f + 358650. What is d(-1)?
-14
Let g(i) = i**3 - 89*i**2 + 472*i + 22025. Determine g(22).
-19
Let w(j) = j**2 + 36*j - 746. What is w(51)?
3691
Let l(q) = -5*q**2 + 71*q + 39. Determine l(23).
-973
Let k(c) = -29*c - 2651. What is k(-114)?
655
Let y(v) = 2*v**2 + 457*v + 7150. Calculate y(-19).
-811
Let d(s) = 276*s**2 - 59618*s + 288. Give d(216).
-144
Let j(q) = -298942*q - 1494725. Determine j(-5).
-15
Let h(j) = -171944*j - 1547480. Determine h(-9).
16
Let o(b) = -117771*b - 1177708. Determine o(-10).
2
Let t(y) = -2*y**2 - 4400*y + 52903. Determine t(12).
-185
Let y(u) = u**2 + 1433*u - 583264. Give y(331).
620
Let g(a) = -209*a + 1488. Give g(7).
25
Let x(j) = 33*j - 1197. What is x(37)?
24
Let z(u) = -u**3 + 26*u**2 - 242*u + 1093. Determine z(13).
144
Let b(u) = 1798*u - 23324. Give b(13).
50
Let i(j) = -2*j**3 - 716*j**2 + 2883*j + 38. What is i(4)?
-14
Let p(r) = 2328*r**2 - 4626*r - 35. Give p(2).
25
Let j(m) = -198*m - 5592. Determine j(-28).
-48
Let n(b) = -725633*b - 8707623. What is n(-12)?
-27
Let a(k) = -4*k**2 - 5*k + 145. Calculate a(12).
-491
Let t(a) = -a**3 + 26*a**2 + 1292*a - 35691. Calculate t(28).
-1083
Let y(a) = 20*a**3 + 10*a**2 - 281*a - 1534. Calculate y(-6).
-3808
Let o(n) = 2*n**3 + 217*n**2 - 3148*n - 156. What is o(13)?
-13
Let i(t) = -t**3 + 324*t**2 + 484*t + 54746. Calculate i(326).
-22
Let c(r) = -r**2 - 241*r + 11260. Determine c(38).
658
Let o(i) = -2*i**2 - 117*i - 266. What is o(-48)?
742
Let h(i) = 50318*i + 1308110. Calculate h(-26).
-158
Let t(g) = -2191*g - 1559. What is t(-2)?
2823
Let f(d) = -2763*d - 32528. Calculate f(-10).
-4898
Let a(k) = -220*k - 5182. Give a(-26).
538
Let k(a) = -30907*a - 309014. Give k(-10).
56
Let m(y) = -13*y**2 + 1253*y + 10302. What is m(104)?
6
Let i(o) = 7*o**3 + 429*o**2 + 150*o + 1791. Give i(-61).
83
Let h(c) = 118*c**2 + 1239*c + 1237. What is h(-1)?
116
Let g(u) = -u**3 - u**2 + 5*u - 25. Determine g(8).
-561
Let k(g) = -35*g**3 - 2346*g**2 - 68*g - 32. What is k(-67)?
35
Let h(s) = -26*s**2 + 3696*s + 7403. Give h(-2).
-93
Let b(c) = -c**2 - 9001*c + 126196. Calculate b(14).
-14
Let v(o) = 1498*o - 208242. Give v(139).
-20
Let t(x) = -x**3 + 75*x**2 - 1398*x + 174. Give t(41).
10
Let q(s) = 5*s**3 - 82*s**2 + 14*s - 444. Calculate q(17).
661
Let j(d) = -d**2 + 142*d + 5982. Give j(-31).
619
Let t(d) = 3*d**2 - 3902*d + 462700. Give t(132).
-92
Let k(f) = -102*f**2 + 8172*f - 921. Calculate k(80).
39
Let i(t) = -11*t**2 + 1094*t - 1017. Determine i(98).
551
Let b(g) = g**2 + 23*g + 741. Give b(0).
741
Let b(n) = -n**3 + 97*n**2 - 2133*n + 1356. Calculate b(64).
12
Let i(a) = -15*a**2 - 265*a - 1386. What is i(-8)?
-226
Let f(r) = -27*r**2 - 605*r + 3815. What is f(6)?
-787
Let p(g) = 4*g**3 - 194*g**2 - 982*g + 43319. What is p(49)?
3
Let f(t) = -29*t + 833. Give f(17).
340
Let a(m) = -3*m**3 + 118*m**2 - 618*m - 3. Determine a(6).
-111
Let n(x) = -57439*x + 3331469. Determine n(58).
7
Let j(r) = r**2 - 347*r + 2064. What is j(6)?
18
Let u(a) = 13*a**3 - 10*a**2 + 279*a - 2118. Determine u(8).
6130
Let y(w) = -w**2 + 993*w + 23212. Determine y(-22).
882
Let o(x) = 2996*x + 56685. Determine o(-19).
-239
Let h(g) = -6*g**3 - g**2 + 450*g - 892. What is h(2)?
-44
Let n(x) = 864*x - 76530. Calculate n(88).
-498
Let l(y) = 2*y**3 - 182*y**2 - 189*y - 740. Determine l(92).
-1200
Let t(r) = 48921*r - 391363. Give t(8).
5
Let g(f) = -f**3 - 132*f**2 - 276*f - 2034. Calculate g(-130).
46
Let t(u) = 196910*u - 393819. Calculate t(2).
1
Let u(g) = -8*g**2 - 269*g + 6489. Calculate u(16).
137
Let g(f) = -56*f**3 + 451*f**2 + 12*f + 24. Determine g(8).
312
Let v(t) = -t**2 - 75*t + 906. Give v(-61).
1760
Let r(p) = p**3 + 338*p**2 + 688*p - 106186. Give r(-335).
9
Let l(o) = 2150*o + 5765. What is l(-2)?
1465
Let o(z) = -1032*z + 125574. Calculate o(122).
-330
Let u(q) = -48*q**2 + 237*q - 186. Determine u(4).
-6
Let p(q) = 36*q**3 + 9230*q**2 - 5652*q + 526. Determine p(-257).
12
Let s(q) = -895*q - 16120. Give s(-18).
-10
Let y(r) = -25*r - 2320. Give y(-130).
930
Let y(t) = -220946*t + 4197968. What is y(19)?
-6
Let c(p) = p**2 + 13229*p + 1702872. Determine c(-130).
2
Let q(l) = 61*l**2 + 609*l - 28033. What is q(-27)?
-7
Let a(c) = -1071347*c - 35354449. What is a(-33)?
2
Let n(l) = -l**3 + 6*l**2 - 3362*l + 37605. What is n(11)?
18
Let h(c) = -c**3 - 13*c**2 + 25*c + 111. What is h(9)?
-1446
Let n(t) = t**3 + 122*t**2 - 372*t + 322. Determine n(-125).
-53
Let r(m) = -m**2 + 187327*m + 3372214. Give r(-18).
4
Let q(f) = 3837*f - 338132. Give q(88).
-476
Let w(y) = -4*y**2 - 131*y + 2775. Determine w(20).
-1445
Let f(y) = -y**3 + 235*y**2 + 8539*y - 839. Give f(267).
-2174
Let s(t) = 2*t**2 - 176*t + 3363. Give s(50).
-437
Let n(g) = -994*g - 1126. Calculate n(-1).
-132
Let s(i) = -144*i**2 - 4771*i - 431. Give s(-33).
196
Let k(j) = -137922*j - 413779. What is k(-3)?
-13
Let u(f) = f**3 - 1338*f**2 + 40531*f - 413. Give u(31).
21
Let q(x) = -x**3 - 135*x**2 - 554*x - 3803. Determine q(-131).
127
Let w(j) = -22*j**3 - 12*j - 41. Determine w(-4).
1415
Let k(f) = 18584*f + 130128. What is k(-7)?
40
Let r(u) = 3*u**2 - 435*u - 3178. What is r(152)?
14
Let l(q) = 9*q**2 + 8189*q - 16376. Calculate l(2).
38
Let j(s) = s**3 - 52*s**2 - 216*s + 4108. What is j(55)?
1303
Let l(q) = -8*q**2 - 1217*q + 17169. Give l(13).
-4
Let p(a) = -2*a**2 + 1567*a + 85127. Determine p(-51).
8
Let u(q) = -449955*q - 2699733. Give u(-6).
-3
Let o(y) = 8630*y + 34460. Give o(-4).
-60
Let o(j) = -j**2 - 871*j - 8633. Calculate o(-10).
-23
Let n(q) = q**3 + 309*q**2 + 1768*q - 15146. Give n(-303).
4
Let n(x) = x**3 + 12*x**2 - 223472*x - 1341039. Give n(-6).
9
Let z(m) = -83*m**2 - 2460*m - 15054. Give z(-21).
3
Let i(l) = l**3 + 5*l**2 - 1007*l - 5031. What is i(-5)?
4
Let i(u) = -u**3 - 5*u**2 + 191*u + 1198. What is i(-13)?
67
Let d(k) = 2*k**2 + 109*k - 373. Determine d(-58).
33
Let g(v) = 25*v**3 + 4*v**2 + 12*v - 37. What is g(2)?
203
Let f(k) = k**3 - 458*k**2 - 11539*k - 13947. Calculate f(482).
31
Let b(g) = 417*g - 11670. Give b(28).
6
Let w(z) = -z**2 + 8642*z + 557196. Give w(-64).
12
Let x(g) = 4*g**3 + 224*g**2 + 212*g - 466. What is x(-55)?
-26
Let b(t) = t**3 - 100*t**2 - 4097*t + 4781. Calculate b(131).
65
Let p(l) = 101792*l + 712443. Give p(-7).
-101
Let q(k) = -k**3 - 56*k**2 + 1832*k - 338. What is q(23)?
7
Let m(f) = -8*f**2 - 605*f 